u.
3, 5
Suppose -358 = 6*a + 596. Let o = a + 231. What are the prime factors of o?
2, 3
Let s = 2905 - 2005. List the prime factors of s.
2, 3, 5
Let k = 70 + -58. What are the prime factors of k?
2, 3
Suppose 43337 = -3*w + 5*z, 3*w - 5927 = -4*z - 49255. Let v = w - -9329. List the prime factors of v/(-75) + (-2)/10.
2, 17
Let m(z) = -z**3 - 11*z**2 + 14*z + 32. What are the prime factors of m(-13)?
2, 47
Let z(d) = -2*d**2 - 3*d - 2. Let p be z(-2). What are the prime factors of ((-81)/(-2) - 0) + 6/p?
3, 13
Let i be (-9)/((-4)/((-704)/12)). Let a = i + 168. List the prime factors of a.
2, 3
Let d(q) = -q**3 + 6*q**2 + 5*q + 8. Let w be (-3)/(-15) + 102/15. Let p be d(w). Let f = 50 - p. What are the prime factors of f?
2, 7
List the prime factors of (-9 + (-102)/(-10))*450.
2, 3, 5
Let x = 1307 + -532. What are the prime factors of x?
5, 31
Suppose 0 = 24*v - 2415 - 1545. What are the prime factors of v?
3, 5, 11
Suppose -4*h + 46 = 3*j, -5*h - 3 = 3*j - 59. Suppose -b + 196 = -5*b + 4*z, 5*z = -4*b - 160. List the prime factors of h/b + 110/9.
2, 3
Let a = -635 - -1214. What are the prime factors of a?
3, 193
Let v(c) = -360*c + 777. What are the prime factors of v(-9)?
3, 13, 103
Suppose 4*j - 10 + 2 = 0. Let k be -1 + j + 3 + -1. Suppose 0*f - k*f = -2*z + 4, 5*z = -4*f + 33. List the prime factors of z.
5
Let r be (-7)/(-2)*(-8)/(-14). Let y(s) = 0 + 2 + 42*s - s**3 - 52*s - 9*s**r. List the prime factors of y(-8).
2, 3
Let l(n) = 3*n - 2. Let d(g) = -g - 1. Let p(m) = 4*d(m) + l(m). Let t be p(-11). What are the prime factors of (12 + t)*2/2?
17
Suppose 8 = 4*m + 4*r, 3*m + 3*r - 18 = -2*m. Suppose 2*h - 3 = -3*g, 3 - m = -3*h - 5*g. List the prime factors of h.
2, 3
Let i(p) = -2*p**2 - 60*p - 74. List the prime factors of i(-28).
2, 19
Let v(s) = -s**2 - 3*s + 37. Let w be v(5). Let y = -421 + 271. What are the prime factors of ((-2)/w)/((-4)/y)?
5
Suppose -5*u = -u. Suppose u = 7*n - n - 270. What are the prime factors of n?
3, 5
Suppose -1848 = -3*j + 12. What are the prime factors of j?
2, 5, 31
Suppose 5*w + m - 3456 = 0, w + 141 = 4*m + 828. What are the prime factors of w?
691
Let l = 120 + -117. Suppose -j - l*j = y - 258, 3*y + j = 774. List the prime factors of y.
2, 3, 43
Suppose -q = 2*k - 1, 0*q = -q - 5*k + 4. List the prime factors of (28 + 1)/(q - -2).
29
Let y(v) = -v**2 + 4*v + 10. Let b be y(7). Suppose 14 = 3*d - 46. Let i = b + d. What are the prime factors of i?
3
Suppose 0*y - 3*y = -84. Let j = y - 3. List the prime factors of j.
5
Let u = 572 + -91. List the prime factors of u.
13, 37
Suppose -y = -b + 5*b - 11, -2*b = 0. Let p = -29 + 89. Suppose -p = 8*i - y*i. What are the prime factors of i?
2, 5
Suppose 6*k + k - 4893 = 0. What are the prime factors of k?
3, 233
Suppose -2*w + 220 + 340 = 0. List the prime factors of w.
2, 5, 7
Let v(a) = -a - 1. Suppose -35 = -k + 6*k. Let w be v(k). Suppose 0 = w*h - 7*h + 17. List the prime factors of h.
17
Let j(z) = -17*z**2 + 2*z. Let m(b) = 69*b**2 - 9*b + 1. Let g(w) = -9*j(w) - 2*m(w). Let i be g(2). Suppose 3*h - i = -16. List the prime factors of h.
2, 7
Suppose 4*b - 6942 = 2*p, -3*p = -7*p - 20. List the prime factors of b.
1733
Let p(b) = 6*b + 3. Let i be p(5). Let s = -57 + i. What are the prime factors of (-714)/s + 3/12?
2, 3, 5
Let a(w) = -5*w**3 - 2*w**2 - w + 1. Let t be a(-2). Let m be (-516)/(-10) + (-6)/(-15). Let i = m - t. What are the prime factors of i?
17
Let x = -106 - -101. List the prime factors of (3 + -3 - -38) + x.
3, 11
Let s = -23 + 35. Suppose -29 = -3*t - 4*q, s = 3*t + 2*q - 7. Let g(j) = 4*j + 2. What are the prime factors of g(t)?
2, 7
List the prime factors of (-230)/5*-4 + 3.
11, 17
Let y = -26 - -18. Let s = y + 13. Suppose 3*z = -t + 15, 5*t + 15 = -s*z + 110. What are the prime factors of t?
3, 7
Let o be 3/(30/(-4)) + 5148/(-30). Let t = -85 - o. List the prime factors of t.
3, 29
List the prime factors of (-862)/(-3) - (-10)/15.
2, 3
Let r be (-24)/(4 + 0) + 2. List the prime factors of (48/30)/(r/(-130)).
2, 13
Let z(t) = 1870*t**3 - 2*t**2 + 22*t - 21. List the prime factors of z(1).
3, 7, 89
Let b(v) = v**3 - 43*v**2 - 152*v + 75. What are the prime factors of b(47)?
3, 19, 31
Let m(z) = 4*z - 17. Let d be m(5). Suppose -5*y + 511 = 3*n, 309 = d*y + 4*n - n. What are the prime factors of y?
101
Let d(h) = -7*h**3 - 76*h**2 - 13*h - 10. What are the prime factors of d(-12)?
2, 11, 59
Let h(c) = -138*c. Let a be h(-2). Let s = -187 + a. What are the prime factors of s?
89
Suppose -2128 = -2*h + 5*d - 400, -h - d + 857 = 0. List the prime factors of h.
859
Let b(q) = 11*q + 15 + q**2 + 2*q**2 - 5*q**2. Let v(r) = -r**2 + 5*r + 8. Let j(l) = 6*b(l) - 11*v(l). What are the prime factors of j(9)?
2, 5
Let s = 25 - 15. Suppose -13*n = -s*n - 129. What are the prime factors of n?
43
Suppose 3*w - 2*w = 166. Suppose 2*l - 4*n = 44 + w, 4*l - 5*n - 426 = 0. List the prime factors of l.
109
Suppose s = 3*l - 3*s - 28, 3*s = -5*l + 8. Suppose 0 = -2*c + 27 + 15. Suppose -3*k + 101 = 5*m, -c - 17 = -2*k + l*m. List the prime factors of k.
3
Let z = -189 + 361. Suppose -g + 3*n + 36 = -16, z = 4*g - 3*n. Let p = 59 - g. What are the prime factors of p?
19
Let p(k) = 372*k + 11. List the prime factors of p(4).
1499
Let g be (-81)/243 - (-2)/((-12)/10). Let o(v) = -73*v. List the prime factors of o(g).
2, 73
Let w(k) = -970*k**3 - 7*k**2 - 7*k - 1. What are the prime factors of w(-1)?
3, 17, 19
Let t = 39 + -35. Suppose 0 = 5*r - r - u - 85, -17 = -r - t*u. List the prime factors of r.
3, 7
Suppose 5*k - k = p - 3, 15 = -4*k + 5*p. Let l(q) = 7 - q**2 - 5 - q + 2 + 3. What are the prime factors of l(k)?
7
Let r = 9 - 12. What are the prime factors of (-92)/(-8)*r/(-6)*8?
2, 23
Let r(m) = 3*m**3 - m + 2. Let f be r(3). Let v be (12/21)/(((-3)/(-21))/1). Suppose 4*o - v*s = -3*s + 225, -5*s - f = -o. List the prime factors of o.
5, 11
Let b(u) be the second derivative of u**6/240 + u**5/10 + u**4/3 + 4*u. Let q(s) be the third derivative of b(s). List the prime factors of q(5).
3
Suppose -3*d = -z + 809, 2*z - 293 = -d + 1304. What are the prime factors of z?
2, 5
Suppose -738 + 2590 = 4*z. What are the prime factors of z?
463
Let b(k) = k - 60. Let i be b(0). Let s be 335/3 + (-1)/(-3). Let c = s + i. List the prime factors of c.
2, 13
Let c(a) = -460*a - 311. What are the prime factors of c(-4)?
11, 139
Let u be 2*(4 - (9 - 3)). Let j be (-2)/u - 1053/(-18). Let y = -10 + j. What are the prime factors of y?
7
Suppose 23*w = 5*i + 28*w - 19795, w - 15836 = -4*i. List the prime factors of i.
37, 107
Let o(c) = c**2 + 7*c - 2. Let f be o(-7). Suppose -4*v = -2*v + 72. List the prime factors of (2 + f)/(-1) - v.
2, 3
Let y(i) = i**2 - 9*i + 4. Let c be y(8). Let s = c + 47. What are the prime factors of s?
43
Let w(o) be the second derivative of 53*o**3/6 - 34*o**2 + 11*o - 1. What are the prime factors of w(5)?
197
Let u be ((-3)/4)/(1/(-28)). Suppose u*b + 32 = 17*b. What are the prime factors of (-172)/(-5) - b/(-20)?
2, 17
Let p(n) = 222*n - 225. List the prime factors of p(2).
3, 73
Let l(o) = 53*o - 5. Suppose 3*r - 25 = -2*r. Let f be l(r). What are the prime factors of 1/(-2) + f/8?
2
Suppose -4 = -5*l + 16. Suppose a = -l - 2. List the prime factors of (-2)/(a/(-9)) + 62.
59
Suppose 4*o - 3*a - 48 = 0, a = o - 15 + 2. Let h = o + -1. Let k = 29 - h. List the prime factors of k.
3, 7
Let z(s) be the first derivative of -s**4/4 - 4*s**3/3 + 9*s**2/2 + 12*s + 8. What are the prime factors of z(-7)?
2, 3
Suppose -4*o = -3*z - 19, 0*z - 3 = -o - z. Suppose -4*y + 306 = -18. Suppose 5*f = -g + y, -o*f - 2*g = 3*g - 48. What are the prime factors of f?
17
Suppose -24 = -7*x + 67. What are the prime factors of x?
13
Suppose -20 = 5*y, -x - 46 = -2*x + 5*y. Let b = x + 24. What are the prime factors of b?
2, 5
Let c(y) = 58*y + 15. What are the prime factors of c(7)?
421
Let f be (3/14*-20)/((-1)/(-49)). Let p = f + 303. List the prime factors of p.
3, 31
Suppose -4 = -p + 2. What are the prime factors of ((-4)/12)/(p/(-1278))?
71
Suppose 15*v - r = 11*v + 8079, -2*r = 3*v - 6073. List the prime factors of v.
43, 47
Suppose 3*v + 2*v - 10 = 0. Suppose -v*s - 224 = -10*s. Let h = -15 + s. What are the prime factors of h?
13
Let j = 86